?
1
Suppose 3*u + 0*n + 3*n - 63 = 0, u + 5*n - 29 = 0. Suppose -17 = -d + u. What is the tens digit of d?
3
Let n = 9 + -16. Let c = n - -8. What is the units digit of c?
1
Let s be 0/(-2) - (3 - 12/(-4)). Let q = s - -72. What is the units digit of q?
6
Suppose -d - 19 = -4*u, 2*u + d - 5 + 0 = 0. Suppose -u*w + 3*q + 336 = 0, w + q - 3*q - 79 = 0. What is the tens digit of w?
8
What is the units digit of (135280/70 - -12) + 6/14?
5
Let t(n) = -4 + 2 + 2*n - n. Let w be t(2). Suppose 4*r + w*r - 28 = 0. What is the units digit of r?
7
Let g = -93 - -231. What is the tens digit of g?
3
Let r(z) = -9*z**3 - 35*z**2 + 4*z - 19. What is the units digit of r(-8)?
7
Let v = 29 + -24. Suppose -65 = -5*q - 6*c + c, 4*q = v*c + 25. Suppose -i + 16 + q = 0. What is the units digit of i?
6
Let p be (-156)/(-8)*(1 + 1). Let a = p + -23. Suppose -4*b - a = -148. What is the tens digit of b?
3
What is the tens digit of (-10)/(-10)*57/1?
5
Let m(c) = -c**3 + 8*c**2 + 10*c - 3. Let x = 29 + -20. Let h be m(x). What is the units digit of 64/8 - h/2?
5
Suppose -2573 = -3*h + 79. What is the hundreds digit of h?
8
Suppose -200*t = -196*t - 508. What is the hundreds digit of t?
1
Suppose -61317 = -17*a + 18226. What is the hundreds digit of a?
6
Let v = -147 + 99. Let c = v + 98. What is the tens digit of c?
5
Suppose 41*v = 5*v + 32940. What is the tens digit of v?
1
Let m = 76 - -62. Suppose 5*r + 2*l + 2*l = m, 3*r - 87 = -l. Let j = -21 + r. What is the units digit of j?
9
Let n(l) = l**3 + 8*l**2 - 4*l - 9. Suppose 3*j = -86 - 76. Let w be j/7 + 4/(-14). What is the units digit of n(w)?
3
Suppose 0 = 8*m + 11 - 875. What is the units digit of m?
8
Let t(p) = -65*p + 37*p + 4 + 0 + 7. What is the tens digit of t(-5)?
5
Let w(t) = 44*t + 12. Let s be w(8). Let u = s - 193. What is the units digit of u?
1
Let k be 6/21 - (-72)/42. Let d = 7 - k. What is the tens digit of 532/(-70)*d/(-1)?
3
Suppose -i - 268 = -s, 0*i - 4*i = s - 293. Suppose 7*a - s = 4*a. Suppose 7*w - 5*g = 3*w + 81, a = 5*w + 4*g. What is the units digit of w?
9
Suppose 43*w = 46805 - 1225. What is the hundreds digit of w?
0
Let h(k) = 2*k**3 + 3*k + 1. Let d be h(3). Let g = -46 + 48. Suppose g*n = 3*n - d. What is the units digit of n?
4
Suppose 5*z = -5*o + 205, -z + 36 + 11 = 4*o. Let c be z + (4 - 5) + 1. What is the tens digit of c - (-1)/(3/(-3))?
3
Suppose 22026 - 3121 = 19*p. What is the tens digit of p?
9
Let j = 87 + -87. What is the hundreds digit of 11 + 164 + j + -3?
1
Suppose 6*f + f + 112 = 0. Let m be 4/(f/(-12)) + 1. Suppose h = 2*t + 3, -m*t - h = -0*h - 9. What is the units digit of t?
1
Let f = 81 - 191. Let c = -77 - f. What is the units digit of c?
3
Suppose 2*o = -o - 561. What is the units digit of (-2)/(-7) + o/(-7)?
7
Suppose -4*z = -12, -2*p + z + 21 = 6*z. Let i(g) = 4*g**2 - g. Let y be i(-1). Suppose p*h + 38 = y*h. What is the units digit of h?
9
Let s be 4/(-18) + (-4338)/162. Let j = s + 33. What is the units digit of j?
6
What is the units digit of 586 + 3*4/(-12) + 5?
0
Let t(u) = 16*u - 19. What is the tens digit of t(12)?
7
Let r(n) = 8*n + 94. What is the units digit of r(29)?
6
Let p be (-8)/(-2 - 8/(-3)). Let z = 174 + -171. What is the tens digit of (0 + z)/(p/(-44))?
1
Suppose 11*n = -8*n + 6270. What is the units digit of n?
0
Suppose 10*b - 8503 = -1383. What is the tens digit of b?
1
Suppose 5*y + 377 = -4*g, -4*y - 1 = 3. Let n = g - -283. What is the tens digit of n?
9
Let t = -21 - -13. Let x = 37 - t. Suppose -x = -c + 27. What is the units digit of c?
2
Suppose 5*j + 4*k = 69 + 175, 0 = -j + k + 56. What is the units digit of j + 7/(-14) + (-14)/(-4)?
5
Suppose -7 + 10 = 3*q. Suppose q = 5*w - 9. What is the units digit of w?
2
Suppose 14*g - 15 = 11*g. Suppose -s - g = 2*f - 71, -3*f + 2*s = -85. What is the tens digit of f?
3
Suppose -3*q - 4*r = 7, 3*r = 7*q - 2*q + 2. Let p(x) = x**3 + 2*x**2 - 3*x + 26. Let f be p(0). What is the units digit of f/2*(4 + q)?
9
Let u be (-4)/(-4)*10/2. Suppose -3*i + 37 = 5*w, u*i - 38 = -5*w - 3. What is the tens digit of w/10*(-220)/(-8)?
2
Suppose 4 + 84 = 3*z - 2*s, 3*z = 4*s + 80. Suppose 0 = -0*o + 8*o + z. What is the tens digit of 27 + (2 - 2 - o)?
3
Suppose -2*b = -5*n - 11893, 19*b = 18*b + 3*n + 5944. What is the hundreds digit of b?
9
Let o = 608 + 470. What is the tens digit of o?
7
Let j(s) = 28*s + 240. What is the thousands digit of j(30)?
1
What is the hundreds digit of 764280/(-550)*(-10)/6?
3
Suppose -2*t - 4 = 2. Let f(s) = 10*s**2 - 5*s - 3. Let w be f(t). Suppose -3*o - w = -4*u, -o - 10 = 4*o. What is the tens digit of u?
2
Let u(p) = 10*p - 66. Let r(c) = 51*c - 330. Let j(n) = 2*r(n) - 11*u(n). What is the tens digit of j(-28)?
9
Let m(o) = o**3 + 8*o**2 - 12*o - 14. Let u be m(-9). What is the units digit of u/78 - (-377)/6?
3
Suppose -v + 2 + 5 = 0. Let t(m) = m**3 - 2*m**2 - 3*m + 3. Let h be t(4). Let b = v + h. What is the units digit of b?
0
Let g(w) = 35*w - 25. Let j be g(13). Suppose -4*p = -j - 562. What is the units digit of p?
8
Let u(h) = -2 + h - 2*h**2 + 3*h**2 + 3. Let b be u(-1). Let k(i) = 56*i**3 + i**2 - 3*i + 2. What is the units digit of k(b)?
6
Suppose -771 = -3*h + 1041. Suppose 5*t + 2*p - h = -36, 3*p + 100 = t. What is the units digit of t?
2
Suppose -a + x = -0*x - 9, -x = 3*a - 11. Suppose a*m + 34 = 199. Let j = -15 + m. What is the tens digit of j?
1
Suppose -1 - 5 = -2*j, 3*o - 4*j = 6. Suppose o*m = 5*m + 63. What is the units digit of m?
3
Suppose -75*x + 42*x = -30855. What is the tens digit of x?
3
Let p be 6 - 4 - 1*-1. Suppose g = -5*d + 5*g + 412, 5*d + 3*g - 391 = 0. Suppose -x - p*x = -d. What is the tens digit of x?
2
Let b be (-2)/(3 + 26/(-8)). Suppose d + 5 = -b. Let g = d - -50. What is the units digit of g?
7
What is the hundreds digit of (-3 + 4)/((-3)/(-2967))?
9
Suppose 28*g - 20992 = 5496. What is the tens digit of g?
4
Suppose -5*i + 328 = -i. Suppose -5*f - i = -t, 2*t + 4*f - 46 = t. What is the units digit of t?
2
Suppose -m = 2*u + 2*u - 48, 5*m - 240 = -4*u. Let h = m + 15. What is the units digit of h?
3
Let x(k) = -99*k - 4 + 96*k + 13. What is the units digit of x(-12)?
5
Let d = -39 - -37. What is the tens digit of 17 + 9*d/(-6)?
2
Let j(l) = l - 4. Let m be j(4). Suppose m = -8*r - 23 + 103. What is the tens digit of r?
1
Let p(y) = 38*y - 5. Let m be p(-1). What is the units digit of 6/(-120)*-5 - m/4?
1
Let c be 24 + (-1)/((-5)/(-15)). Suppose -c*d + 18*d + 831 = 0. What is the hundreds digit of d?
2
Let z(n) = 14*n**2 + 2*n - 2. Let a(o) = -o**2 + 5*o + 4. Let f be a(5). Let p be -1 + f - (-14)/(-7). What is the units digit of z(p)?
4
Suppose 0 = -1140*t + 1135*t + 8590. What is the hundreds digit of t?
7
Let i(q) = q**3 - 5*q**2 - 4*q**2 + 4*q**2 + 6*q - 5*q - 7. What is the tens digit of i(6)?
3
Suppose -3*i = s + 1 - 7, 2*s + 3*i = 6. Suppose -5*c - 160 - 98 = -2*x, -x + c + 132 = s. What is the units digit of x?
4
Suppose 2*u - 345 = 1123. What is the hundreds digit of u?
7
Let v = -1830 + 3193. What is the tens digit of v?
6
Suppose 0 = -2*d + d + 3*w + 12, -18 = -5*d + w. Suppose -31 = -d*b + 5. Suppose 0 = 4*l + 3*x - 8*x + 2, 3*x - b = -3*l. What is the units digit of l?
2
What is the hundreds digit of 1039 + 9 + 20/(-5)?
0
Let b = -67 - -311. Suppose 7*s - b + 27 = 0. What is the units digit of s?
1
Suppose 3*m + 997 = 73. Let n = m + 463. What is the tens digit of n?
5
Suppose -94*l + 100*l = 2718. What is the units digit of l?
3
What is the units digit of (567/126)/(6/1832)?
4
Suppose d - 60 = h - 12, -5*d + 231 = 4*h. Suppose -d = -2*v + 31. What is the tens digit of v?
3
Let g be (-1 - (-1)/1)/(5 - 2). Suppose -5*s - 15 = g, 2*o - 13 = -0*s - s. What is the units digit of o?
8
Suppose -3*t = 0, 2*u - 4*t = t. What is the tens digit of 157 + -1 - (0 - u/3)?
5
Let k(o) = o - 32. Let p be k(13). What is the units digit of (p/(-2))/(2/8)?
8
Let z(s) = -3 + 2*s**2 + 1 - 3*s + 31*s**3 + 4 - 76*s**3. Let h be z(1). What is the units digit of -1*8*h/11?
2
Let y(f) = -21*f - 3. Let g be y(-7). Suppose w - 3*w + g = 0. What is the units digit of w?
2
Let h be (-20)/(-11) - (-2)/11. Let s = h - -12. What is the units digit of s?
4
Suppose 5*c = 3*q - 1862, 2*q + 3*c - 1263 = 2*c. What is the units digit of q